ided by 77.
74
Let t(d) = -d**3 - 6*d**2 - 5*d + 7. Suppose -3*p + 0 = 15. What is the remainder when t(p) is divided by 3?
1
Suppose -i = -248 + 238. What is the remainder when 14 is divided by i?
4
Suppose 0 = t + 3, 2*i + 0*i - t = 21. Let w = 14 - i. Suppose -5*m + 3*f = -37, 6*m = 3*m - 5*f - w. What is the remainder when 12 is divided by m?
2
Suppose -3649 = 19*o - 60*o. What is the remainder when 367 is divided by o?
11
Let u = 61 - 25. Calculate the remainder when 178 is divided by u.
34
Let y = -21 - -63. What is the remainder when y is divided by 31?
11
Let u(k) = 16*k**2 - 8*k + 18. What is the remainder when 325 is divided by u(2)?
61
Suppose 0 = -5*r + 2*y + 205, 6*r - 7*r + 38 = -y. What is the remainder when r is divided by 11?
10
Let i(q) = 3*q - 87. What is the remainder when 6 is divided by i(30)?
0
Let h be 169 - (2/(-2))/(-1). Suppose 4*p = p - h. Calculate the remainder when 46 is divided by -2 - (-1)/((-4)/p).
10
Suppose 0*l + l - 1 = 0. Let t(q) = 6*q**3 - 3*q + 3. What is the remainder when t(l) is divided by 4?
2
Calculate the remainder when 58 is divided by 615/27 - (-18)/81.
12
Let u(q) = 6*q**2 - 4*q + 3. Let x be u(1). Let n(v) = v**3 - v**2 + 6*v - 3. What is the remainder when n(x) is divided by 26?
23
Suppose -4*d + 20 = 2*b, 2*d + 12 = 2*b - 2*d. Let z be -2 - (183/6)/((-2)/(-4)). What is the remainder when (-18)/z + (-136)/(-14) is divided by b?
2
Let b(j) = -j**2 - 7*j - 3. What is the remainder when (-11043)/(-459) + 9/(-153) is divided by b(-6)?
0
Suppose -9*t + 4*g = -5*t - 232, 3*g = 6. What is the remainder when t is divided by 12?
0
Suppose u + 15 = 2*y, 75 = -0*y + 5*y + 5*u. Suppose -5*v + y - 4 = z, -2*z - 4*v = -36. Calculate the remainder when z is divided by 4/(-14) - 700/(-49).
12
Let c(g) = g**3 - 6*g**2 + 15. Let p be (-9)/(2/(-4) + -1). Calculate the remainder when c(p) is divided by 4.
3
Suppose 2*x - 44 = -2*m, 4*x - 2*m - 67 = m. Suppose -3*p = u - 29, 4*p + 38 + x = u. Let n = -3 - -18. What is the remainder when u is divided by n?
11
Let j = -1800 - -1812. What is the remainder when (-237)/(-4) + 2/(-8) is divided by j?
11
What is the remainder when 138 is divided by 2*((-175)/(-10) - 0)?
33
Suppose -13*j - 24 = -180. What is the remainder when 262 is divided by j?
10
Suppose q + 5*d = 25, 4*q - 14 - 137 = -3*d. Suppose 0 = -5*c - 3*v + 373, 324 = c + 3*c - 4*v. What is the remainder when c is divided by q?
37
Suppose 0 = 5*d - 13 - 2, -102 = -f + 4*d. Calculate the remainder when f is divided by 41.
32
What is the remainder when 5*(3590/50 - (-4)/(-1)) is divided by 17?
16
Suppose -11109 = -76*b + 7*b. Calculate the remainder when b is divided by 158.
3
Suppose -1218 = 5*c - 178. Let h = -127 - c. Calculate the remainder when h is divided by 25.
6
Let b(j) = -j**3 + 16*j**2 - 39*j + 31. Calculate the remainder when 53 is divided by b(13).
22
Let j(n) = -n + 32. Calculate the remainder when 87 is divided by j(10).
21
Suppose 92 = -0*t + 2*t + 4*s, -3*t + 5*s + 83 = 0. Suppose 2*g - 5*m = -4*m + t, 3*m - 4 = -g. What is the remainder when 62 is divided by g?
14
Suppose 2*c + 6 - 34 = 0. What is the remainder when c is divided by 3?
2
Let w be (-2)/6*14*3. Let l = w - -39. What is the remainder when 5 - (-100 - -5 - -1) is divided by l?
24
Suppose -14 + 2 = 2*m. Let b(s) = s**2 - 2*s + 6. What is the remainder when b(m) is divided by ((-182)/65)/((-2)/10)?
12
Let v(f) = 21*f - 26. What is the remainder when 188 is divided by v(6)?
88
Let s = -368 + 502. What is the remainder when s is divided by 28?
22
Let i(j) = -66*j + 8. What is the remainder when i(-5) is divided by 18?
14
Let r(n) = -n - 50. Let j be r(19). Let s = j - -79. Calculate the remainder when 10 is divided by s.
0
Let p be (-19)/2 - 33/(-22). Let j(y) be the second derivative of y**4/12 + 5*y**3/6 - 4*y**2 + y. Calculate the remainder when 44 is divided by j(p).
12
Suppose -5*j = 5*t - 2100, 0 = j - 0*j - t - 416. What is the remainder when j is divided by 4?
2
Let s(f) = 86*f + 10. Let j(z) = -17*z - 2. Let q(r) = -16*j(r) - 3*s(r). Let a = 2135 - 2120. Calculate the remainder when q(3) is divided by a.
14
Suppose -7*u + 17 + 32 = 0. Suppose 0*m - 110 = -2*m. Calculate the remainder when m is divided by u.
6
Let l be 127 + 0/1 + -2. Suppose -l = -5*k - 3*x, 5*x = -k + 3*k - 50. Suppose 28 + 11 = 3*u. What is the remainder when k is divided by u?
12
Let b = -1783 + 1809. Let j(d) = 16*d - 3. What is the remainder when j(5) is divided by b?
25
Let w = 669 + -665. Calculate the remainder when 141 is divided by w.
1
Suppose -3*n - 3*s + 12 = -162, 0 = -s - 1. Suppose -3*m = -7*m + 60. Suppose 0 = 14*h - 15*h + m. What is the remainder when n is divided by h?
14
Let v = -41 + 119. What is the remainder when v is divided by 47?
31
Suppose -4*q + 3*t = -89, -3*t + 47 = 3*q - 25. What is the remainder when 89/((-34)/51 + (-5)/(-3)) is divided by q?
20
Let w = 10 - -10. Suppose 1 + w = 3*p. What is the remainder when 11 is divided by p?
4
Let w be (-9)/12*16/(-6). Suppose l + l - w = 0. Calculate the remainder when (l - 5) + (3 - -58) is divided by 15.
12
Let u = 135 + -132. Suppose 11 = -2*b + 1, -u*b = -3*a + 132. Calculate the remainder when 194 is divided by a.
38
Suppose 8 = -3*n + 17. Suppose 0 = -w - 2*h + 18, 3*h - 67 = -n*w - w. Calculate the remainder when 61 is divided by w.
13
Let l(t) = -t**3 + 7*t**2 - 11*t - 5. Let b(v) = 2*v**3 - 13*v**2 + 22*v + 9. Let y(c) = -4*b(c) - 9*l(c). What is the remainder when 74 is divided by y(10)?
17
Suppose -46*l + 880 = -38*l. Calculate the remainder when l is divided by 41.
28
Let m = -664 - -668. Calculate the remainder when 7 is divided by m.
3
Let d(g) = 6*g + 328. What is the remainder when d(-45) is divided by 23?
12
Let s(n) = n**2 + 21*n - 152. What is the remainder when 21 is divided by s(-27)?
1
Let w(k) = -k**3 + k**2 + k - 34. Let d be w(0). Let y = d + 47. Calculate the remainder when 23 is divided by y.
10
Suppose -o = -5*o + 100. Suppose 6*t - 3 = 3*t, -3*f = 5*t - 17. What is the remainder when o is divided by f?
1
Suppose -w - 1 = 1. Let g(c) = c**2 + 67*c + 1188. What is the remainder when g(-35) is divided by (1 + w)*(-22 + -1)?
22
Let f = -8 - -11. Suppose f*g + 44 = -g. Let b = g - -77. What is the remainder when b is divided by 23?
20
Suppose -4*q - 5*x + 77 = -10, q = 4*x + 48. Calculate the remainder when 77 is divided by q.
21
Suppose -2*i = -4*i - 2*h + 18, -i + 2*h + 12 = 0. Let x(k) = -2*k + k + k**3 - 2*k**3 + 11 + 10*k**2. Calculate the remainder when x(i) is divided by 1.
0
Suppose 0 = -5*s + 5*h + 43 + 77, h + 5 = 0. Let i = 153 + -79. Calculate the remainder when i is divided by s.
17
Let l = 291 + -267. Suppose 2*f - f + 8 = 0. What is the remainder when ((-186)/9)/(f/36) is divided by l?
21
Suppose m - 4*v - 160 = 0, 0 = 8*m - 3*m + 2*v - 712. What is the remainder when 292 is divided by m?
4
Let p(m) be the third derivative of -m**5/60 + 13*m**4/24 - 4*m**3/3 - 16*m**2. What is the remainder when 27 is divided by p(11)?
13
Suppose 33 - 121 = -11*w. Let y = 4 - 22. Let d = y - -32. Calculate the remainder when d is divided by w.
6
Let p(z) = -z**3 - 3*z**2 + 4*z - 17. Let k = 0 - -36. Calculate the remainder when p(-6) is divided by k.
31
Let i = 6649 - 4388. Calculate the remainder when i is divided by 78.
77
Let h = 440 + -328. Calculate the remainder when 555 is divided by h.
107
Let r be 6/((-30)/25)*(-1 + 0). Suppose 2*w - 71 - 19 = -4*y, r*y = -2*w + 115. Calculate the remainder when 42 is divided by y.
17
Let l = 43 + -37. What is the remainder when 218/9 - 4/18 is divided by l/30 - 64*3/(-15)?
11
Let w = 1378 - 1375. What is the remainder when 183 is divided by w?
0
Suppose 0 = 17*o - 595 - 2584. Calculate the remainder when o is divided by 33.
22
Let c = 2 - -18. Calculate the remainder when 239 is divided by c.
19
Suppose 3*r = 2*c + 952, -5*r - 2*c + 1794 - 202 = 0. What is the remainder when r is divided by 29?
28
Suppose -3*o = 4*q - 2 - 25, -2*o + 14 = 2*q. Let u be 75/(-3)*q/(-15). Suppose 5*w + 80 = u*w. Calculate the remainder when 45 is divided by w.
13
Suppose 0*s = -2*s - 4*r + 62, -2*r = -4*s + 74. Let y(j) = j**3 + 58. Calculate the remainder when y(0) is divided by s.
16
Suppose -4*k + 506 = -k + 2*s, 3*k = -4*s + 496. Supp